uppose 259 = -5*u - 151. Suppose 0*r = -2*k - 4*r + 30, -5*r = 0. Calculate the remainder when (u - 2)/(-3) - 1 is divided by k.
12
Let n be -4*1 - 18/6. Let l = -5 - n. Suppose l*a - 140 = -50. Calculate the remainder when a is divided by 16.
13
Let u(b) = 6*b**2 - 5*b + 15. Let g be u(5). Suppose 0 = 11*i - 6*i - g. Calculate the remainder when 109 is divided by i.
25
Suppose 0*j + 6*j = 54. Calculate the remainder when 771/j - ((-2)/(-3) + -1) is divided by 29.
28
Suppose -5*d - 20*g + 17*g = -14487, -4*d + 11572 = -2*g. What is the remainder when d is divided by 18?
15
Let t(c) be the third derivative of c**5/30 + 17*c**4/24 - 5*c**3/6 - 6*c**2. Calculate the remainder when 6 is divided by t(-9).
2
Suppose 0 = 15*p + 1078 - 2473. Calculate the remainder when p is divided by 67.
26
Let g = -604 + 703. What is the remainder when g is divided by 27?
18
Suppose 5*w - 961 = m, 4*m + 4 + 0 = 0. Suppose -4*l + w = 4*l. What is the remainder when l is divided by 5?
4
Suppose -4*c + 72*x = 75*x - 172, 5*c = 11*x + 215. Suppose 0 = 2*p - 10 - 8. What is the remainder when c is divided by p?
7
Let h = 5 - 6. Let o be ((-1)/(-1) - 1)/h. Suppose o = 7*g - 4*g - 57. What is the remainder when 73 is divided by g?
16
Suppose 11 = 5*p + 5*u - 14, 3 = u. Suppose -q - 1 = p. Calculate the remainder when q/(-12) - 267/(-4) is divided by 17.
16
Let b(x) = 6*x - 17. Let n = 14 - 8. Suppose -k = -n*k - 3*j + 244, k + 5*j = 62. What is the remainder when k is divided by b(5)?
8
Suppose -26 = -2*q + 4*r, -3*q + 3*r + 18 = -2*q. Let u = q - -2. Calculate the remainder when u is divided by -4*5/40*8/(-2).
1
Suppose 9*k = 7*k + 8. What is the remainder when 52 is divided by (18/4)/(k/24)?
25
Suppose -3*q - 14 + 47 = 0. Suppose -3*h = -5*y - 144, -11*y - 55 = -h - 7*y. Calculate the remainder when h is divided by q.
10
Suppose -204 = 950*d - 956*d. What is the remainder when 205 is divided by d?
1
Let o = 19 + -6. Suppose -176 - 100 = -12*t. Calculate the remainder when t is divided by o.
10
Let l(r) = -r**3 + 6*r**2 - 7*r + 10. Let u be l(4). Let i = u + -21. Let d(y) = -y**3 - 5*y**2 + 7*y + 6. What is the remainder when d(i) is divided by 14?
13
Suppose -2*z + 3*z = 47. Let m = -1106 - -1118. Calculate the remainder when z is divided by m.
11
Let i = 682 + -461. Calculate the remainder when i is divided by 52.
13
Calculate the remainder when ((-27)/36)/3 + (-317)/(-4) is divided by 8.
7
Let h(o) = 2*o + 1. Let i(u) = 0*u**2 + 7*u**2 + 15*u - 2*u**2 - 3*u**2. Calculate the remainder when i(-10) is divided by h(8).
16
Let k(h) = -2*h + 14 + 5 + 3*h. What is the remainder when 17 is divided by k(-10)?
8
Suppose 2*l - 53 = -2*i + 29, 53 = l + 5*i. Calculate the remainder when 265 is divided by l.
37
Suppose 0 = 5*l - 28 + 8. Suppose 0*j + l*j - 2*k = 4, -4*j = -4*k. What is the remainder when (-522)/12*j/(-3) is divided by 10?
9
Suppose 0 = -3*r - 0*r - 15, -3*v + 3*r = -21. Let k(u) = 8*u + 1. Let m be k(v). Suppose -2*i + 15 = -m. What is the remainder when 63 is divided by i?
15
Let m = 15 + 2. Let u(k) = k**3 - 7*k**2 + 14*k - 12. Calculate the remainder when m is divided by u(5).
1
Suppose 28 = -0*a + 2*a. Suppose -4*j - 1632 = 4*p, -844 = -2*j + 4*j - 5*p. What is the remainder when j/(-10) + (1 - 6/5) is divided by a?
13
Suppose -m - 4 = 2*f, 3*f = -0*m + 3*m - 15. Suppose -5*i - 4*b + 77 = -0*i, -m*b - 55 = -3*i. What is the remainder when 44 is divided by i?
10
Let c(j) = 3*j - 1. Let m be c(2). Suppose m*i - 2*i + 126 = 0. Calculate the remainder when i/((-2)/(4/2)) is divided by 15.
12
Let z = -698 - -704. Calculate the remainder when (-104)/(-12)*15/2 is divided by z.
5
Let h(w) = w**3 + 23*w**2 - 23*w + 22. Let o be h(-24). Calculate the remainder when 81 is divided by (58/o)/((-5)/5).
23
Let r(u) = -u**3 - 10*u**2 - 2*u - 10. What is the remainder when 108 is divided by r(-10)?
8
Let s = -4 - -1. Let o be 348/8*2 - s. Suppose 17*r = 12*r + o. What is the remainder when r is divided by 11?
7
Let w(h) = 8*h**2 - 14*h - 1. Let q be w(-6). Let o = -191 + q. Suppose -o = -5*j + 20. What is the remainder when j is divided by 21?
19
Suppose -5*f + 6*f = 4. Suppose x = 2*x + 5*u - 5, f*u - 2 = -x. What is the remainder when 1 + 0 - (-2 + x) is divided by 8?
5
Let b = 61 - 26. Let m = 26 + b. Let r = 27 - 11. Calculate the remainder when m is divided by r.
13
Let c = -148 - -165. What is the remainder when c is divided by 3?
2
Let u = 9 - 4. Suppose -b = 5*k + b - 19, 0 = 3*k - 2*b - 5. Suppose k*p = u*p - 22. What is the remainder when p is divided by 6?
5
What is the remainder when 421 is divided by 4/((-3 - 1308/(-162)) + -5)?
43
Let c be 1/4 + 6/8. Suppose 0 = -2*n - c + 17. Let w(v) = 19*v + 428. Calculate the remainder when w(-21) is divided by n.
5
Let j(a) be the third derivative of 0*a - 1/3*a**4 + 1/60*a**5 - 5/3*a**3 + 0 + 3*a**2. Calculate the remainder when 38 is divided by j(10).
8
Suppose -19 - 551 = -6*i. What is the remainder when 562 is divided by i?
87
Calculate the remainder when 232 is divided by (-242)/(-4) - (-9)/(-18)*3.
55
Let f = 99 - 197. Let b = f - -140. Calculate the remainder when b is divided by 22.
20
Let c(b) = 4*b**2 + 7*b + 98. Calculate the remainder when c(-9) is divided by 20.
19
Let z(g) = g**2 - 4*g + 16. What is the remainder when z(5) is divided by (-5)/(-2)*4/2?
1
Let t(d) = 53*d - 10. Calculate the remainder when t(11) is divided by 64.
61
Suppose 3*w + s = 166, w + w + 3*s - 120 = 0. Suppose 247 = 138*k - 3065. Calculate the remainder when w is divided by k.
6
Let g = -12 + 33. Let t(h) = 23. Let f(d) = -d. Let w(s) = -2*f(s) - t(s). Calculate the remainder when 55 is divided by w(g).
17
Let d = -125 - -127. What is the remainder when 105 is divided by d?
1
Suppose 3*p + 4*v - 74 = 0, -4*p = -47*v + 44*v - 107. What is the remainder when 174 is divided by p?
18
Let r be ((-2)/(-3) - 7/21)*30. Calculate the remainder when 25 is divided by 1/(r/15*(-3)/(-14)).
4
Suppose -14*s + 18*s = -452. Let a = 202 + s. Calculate the remainder when a is divided by 23.
20
Suppose 4826 - 801 = 35*o. What is the remainder when o is divided by 40?
35
Let q = 181 + -84. Calculate the remainder when 390 is divided by q.
2
Suppose 0*g + 1293 = 2*g - 5*h, 4*g - 3*h - 2551 = 0. What is the remainder when 2/(-8) + (-1)/((-8)/g) is divided by 41?
38
What is the remainder when 15 is divided by (-21)/6*(128/(-14))/8?
3
Let u = 8 + -5. Suppose 5*t - 149 = -3*s, 4*s - u*t = 3 + 244. Calculate the remainder when s is divided by 24.
10
Let n(z) be the second derivative of -17*z**3/6 - 5*z**2/2 + 2*z. Suppose -5*r - 4 = -i + 26, -2*r + 48 = 2*i. What is the remainder when n(-6) is divided by i?
22
Let z = -2 + 13. Suppose -38 - z = 7*h. What is the remainder when 10/8 + h/28 is divided by 1?
0
What is the remainder when (-1462)/(-6) - (110/30 - 3) is divided by 69?
36
Let t be (1020/(-3))/5 - -3. Let d = 93 + t. Calculate the remainder when d is divided by 16.
12
Suppose 5*n - 20 = 80. Suppose x - 26 = -3*p, 0*x - 5*p = 2*x - 50. Suppose 32 = 5*o - 4*y, -2*o + x = -0*o + 2*y. What is the remainder when n is divided by o?
4
What is the remainder when -3 + 4 + -4 - (-123 - -2) is divided by 11?
8
Let g(u) = 53*u + 157. What is the remainder when g(0) is divided by 49?
10
Let d(z) = -11*z - 38. Calculate the remainder when 237 is divided by d(-5).
16
Let a(o) = 0*o**2 - 2*o**2 - 18 + 4*o + 3*o**2. Calculate the remainder when 3/(9/(-17))*-9 is divided by a(-9).
24
What is the remainder when 166/7 - 82/(-287) is divided by 9?
6
Let b(j) be the first derivative of j**4/4 - 2*j**3 - 3*j**2/2 - 2*j + 2. Let v be b(6). What is the remainder when (v/(-15))/(2/27) is divided by 5?
3
Suppose 2*a - 5*u - 63 = -4, 5*u = 3*a - 96. What is the remainder when -6*3*(3 - 9) is divided by a?
34
Let k = -10 + 12. Suppose 0*q - 23 = 2*q - x, q + 4*x - k = 0. Let u = 35 + q. Calculate the remainder when u is divided by 14.
11
Let t = 50 - 40. Suppose -1 + t = j. What is the remainder when (7 + -3)*15/4 is divided by j?
6
Suppose j - 2*y + 3*y = 53, 3*y = -2*j + 104. Suppose -3*k + 5*m + 62 = 0, 5*k + 5*m - m - 165 = 0. Calculate the remainder when j is divided by k.
26
Suppose f = 573 - 576, -q = -2*f - 131. What is the remainder when q is divided by (-21)/((-4)/((-8)